l*h + 3*h - 20. Let i(q) = -q**3 + 3*q**2 + 6*q - 6. What is the units digit of i(h)?
2
Let g = 6 - -2. Let w(a) = 2*a - 10. What is the units digit of w(g)?
6
Suppose 25 = 4*c - 23. What is the units digit of c?
2
Suppose -5*h - 5*u = -355, 96 = 2*h - 5*u - 81. What is the tens digit of h?
7
Let s = -3 - 5. Let d be (-9)/7 + s/(-28). What is the units digit of 1/(d/(-4)) - -2?
6
Suppose d = 4*x - 413, 2*x = 5*x + 4*d - 286. What is the units digit of x?
2
Suppose 2*b + 9 - 15 = 0. Suppose 5*d = -2*x + 80, b*d = -2*d + 3*x + 55. What is the units digit of d?
4
Suppose -37*f = -29*f - 2248. What is the hundreds digit of f?
2
Suppose -14 = -3*r + 22. Let k = 29 - r. Let i = k - 10. What is the units digit of i?
7
Let z(a) = -15*a**3 - 7*a**2 - 6. Let d(k) = k**3 + k**2 + 1. Let h(x) = -6*d(x) - z(x). What is the tens digit of h(1)?
1
Let k(v) = -v**3 + 10*v**2 - 5*v - 10. What is the units digit of k(8)?
8
Let z(m) = -m. Let t be z(-5). Suppose w = -4*x - 6, 2*x = t*w - x - 16. Let j = w - 0. What is the units digit of j?
2
Suppose -3 = -v + 8. What is the units digit of v?
1
Suppose 7 = 3*y - 20. Let g be (y/6)/((-9)/(-204)). What is the units digit of 6/9 + g/3?
2
Let g(r) = -r - 7. Let n be g(-7). Suppose -3*d + f = -74, d + f - 22 - 4 = n. What is the tens digit of d?
2
Let o be 40/18 - (-4)/(-18). Let f be 3/(15/(-2))*-25. What is the units digit of (-5)/o*(-16)/f?
4
Let a = -34 + 22. What is the units digit of (12/(-8))/(1/a)?
8
Suppose -5*v = -3*v + 3*a - 25, 0 = v - a - 20. Let r = v + -7. What is the units digit of r?
0
What is the tens digit of -2 - (-207)/(-3)*-1?
6
Let j = 59 + 58. What is the tens digit of j?
1
Let u(k) = k**3 + k**2 - 3*k + 3. What is the units digit of u(2)?
9
Let a be ((-6)/(-4))/((-2)/(-4)). Suppose a*o - 19 = 4*l, -2*l - 4*o - 9 = -5*o. What is the units digit of (2/l)/(4/(-32))?
4
Let v be 34/3 - (-2)/3. Suppose -4*m = -52 - v. What is the tens digit of m?
1
Let m(n) = 12*n - 3. What is the units digit of m(6)?
9
Suppose g - 2*g + 95 = 0. What is the units digit of g?
5
Suppose 3*x = -4*a + 172, -2*a - a + 177 = 3*x. What is the tens digit of x?
6
Suppose 3*m - 2*o - 26 = -7*o, 0 = -2*m + 2*o - 4. Suppose -2*c + m = 8. Let v(t) = t**3 + 3*t**2 - t - 1. What is the units digit of v(c)?
2
Let k(o) be the third derivative of -o**6/120 - o**5/60 + o**4/24 + 2*o**2. Let a be k(-2). Suppose 2*s - 20 = -a*s. What is the units digit of s?
5
Let a = 126 + -2. What is the units digit of a?
4
Suppose -3*h = 4*c - 6*h - 1736, 0 = -2*h - 8. What is the hundreds digit of c?
4
Suppose 15 = 5*g, 0*h + 3*g + 49 = 2*h. What is the units digit of h?
9
Let m = 12 - 8. What is the units digit of -7 + m + -1 + 33?
9
Suppose 6*l + 35 = l. Let j = -2 - l. Suppose 3*y = -2*i + j*y + 16, 28 = 5*i - y. What is the units digit of i?
5
Suppose -b = 2*k - 29, -3*k - 5*b + 68 - 7 = 0. What is the units digit of 159/k + (-2)/8?
3
Let h be 1*1/(-2)*0. Let p = -2 + h. What is the units digit of p/6 + 19/3?
6
What is the hundreds digit of 3 + -1 + 124 - -4?
1
Let i(m) = m**3 - 5*m**2 + 6*m - 3. Let u be 12/(-4) - 1*-7. Let v be i(u). Suppose 4*a = v*p - 14 - 22, 3*a = -3*p. What is the units digit of p?
4
Let y(t) = -t**2 + 15*t - 1. What is the units digit of y(11)?
3
Suppose -3*w + 66 = -0*w. Let t = -13 + w. What is the units digit of t?
9
Suppose 0 = 16*x - 12*x - 524. What is the hundreds digit of x?
1
Let b(d) = -4*d - 8. What is the units digit of b(-10)?
2
Let m(w) be the first derivative of w**2 - 2. What is the tens digit of m(5)?
1
What is the tens digit of -2 - 1/((-2)/70)?
3
What is the units digit of 3*(3/(-3))/(-1)?
3
Let y(l) be the third derivative of 5*l**4/24 - l**3/2 - 6*l**2. What is the tens digit of y(6)?
2
Let v(o) = -22*o**3 - o**2 + o - 2. Let a be v(2). What is the units digit of a/(-8) - 9/(-6)?
4
Let n be -1*2/(-4)*12. Let f = -4 + n. What is the units digit of f?
2
Suppose -6*p + 2*p + 4*n + 436 = 0, -5*n = -p + 93. What is the tens digit of p?
1
Let x = 10 + -6. Let f = x - 2. Let q = -1 + f. What is the units digit of q?
1
Suppose -3*o + 5*b + 3 = -42, -5*o = -2*b - 56. Suppose -74 = -4*i + n, 2*i - 24 = -n + o. What is the units digit of i?
8
Let p = -29 - -80. What is the units digit of p?
1
Suppose -6*d + d = -775. What is the tens digit of d?
5
Let i(u) = 3*u**2 - 5*u - 4. Suppose 15*w + 3 = 14*w. What is the units digit of i(w)?
8
Suppose o - 2*o = -6. Let n = o - 4. What is the units digit of 2 + (4/n - 2)?
2
Let q = -5 - -3. Let p(o) = 6*o**2 + 10*o. Let z(x) = 2*x**2 + 3*x. Let i(v) = q*p(v) + 7*z(v). What is the units digit of i(-2)?
6
Let h = -25 - -54. What is the tens digit of h?
2
Suppose 3*t + 2*x = 8, 2*t - 15 = -3*t - 5*x. Suppose -4*q + 5*p = -88, 12 = t*p - 5*p. What is the tens digit of q?
1
Let c = 777 + -388. What is the units digit of c?
9
Suppose u - 2 = -2*j, 0*u - 2*j + 26 = 3*u. What is the tens digit of u?
1
Suppose b - 87 = -4*n, -5*n - 132 = 3*b - 358. What is the units digit of b?
7
Let t(f) = -f + 31. What is the units digit of t(13)?
8
Let a(f) be the first derivative of -f**4/4 - 8*f**3/3 - 4*f**2 + 4*f - 1. What is the units digit of a(-7)?
1
Let a = -20 + 20. Suppose a = -t - 4*c + 1, -4*c = 6 + 2. What is the units digit of t?
9
Let u(a) = -4*a**2 + a. Let t be u(1). Let v = 13 - 4. Let r = v + t. What is the units digit of r?
6
Suppose 6*x - 3*x = -48. Let h be (x/(-5))/((-3)/(-15)). Suppose -20 - 32 = -4*f - o, h = 3*f - 5*o. What is the tens digit of f?
1
What is the tens digit of -2 + 3 - (8 - 22)?
1
Let y = 1 + 2. Suppose 0 = 4*o + 5*i - 3*i - 20, 0 = -5*o + 2*i + 16. Suppose 0 = o*w + 2*r - 50, y*w - 21 = 2*r + 2*r. What is the units digit of w?
1
Let a(z) = z**3 - z**2. What is the tens digit of a(4)?
4
Suppose 27 = -5*k - 5*u - 28, 0 = 5*k - 4*u + 82. What is the units digit of 12/4*k/(-3)?
4
Suppose 5*j - 293 = 3*k, 4*k + 120 = 4*j - 2*j. What is the tens digit of j?
5
Let a = -6 - -6. Suppose a*i + 54 = 3*i. What is the tens digit of i?
1
Let s = 116 + -77. Let u = s + -27. What is the units digit of u?
2
Suppose -5*z = -3*b + 54, -z - 5*b = -8 + 2. Suppose 5*o - o + k = 18, -2*o = -3*k - 2. What is the units digit of o/(-12) - 12/z?
1
Suppose -5*f + f + 324 = 0. What is the tens digit of f?
8
Suppose -4*n + 20 = v - n, n = 3*v - 10. Let b = 0 + v. Suppose f + y - 24 = b*y, 0 = f + y - 9. What is the tens digit of f?
1
Suppose -309*t + 201 = -308*t. What is the tens digit of t?
0
Suppose -393 = -6*f + 693. What is the units digit of f?
1
Let y = 10 + -5. Suppose 3*f = -y*s - 3, -4*f = -4*s + 5 - 1. Let o = 3 - s. What is the units digit of o?
3
Let v = -56 - -106. What is the units digit of v?
0
Suppose 4*x - 270 - 78 = 0. What is the tens digit of x?
8
Suppose 2*x = -2*x - 2*i, -x - 3*i = 0. Suppose 0 = -x*g + 5*g - 20. What is the units digit of ((-30)/4)/((-2)/g)?
5
What is the units digit of (-789)/(-6) + 12/24?
2
Let l(m) = -m - 7. Let v be l(-5). Let h(j) = -j**3 - j**2 - 1. Let d(a) = 3*a**3 + 6*a**2 + a + 2. Let b(c) = d(c) + 4*h(c). What is the tens digit of b(v)?
1
Let v(u) = u**3 + 9*u**2 + u + 12. Let i be v(-9). Suppose i*c = c + 26. What is the units digit of c?
3
Let k(o) be the third derivative of o**6/120 + 3*o**5/20 + o**4/4 - o**3/3 + 3*o**2. What is the units digit of k(-8)?
4
Let r be (-6)/(-5)*20/8. Let x(s) = 0*s**3 + s**3 + 2*s**2 - s**3 + s**3 - r*s. What is the tens digit of x(2)?
1
Let y = 132 - 90. What is the units digit of y?
2
Let u(h) = -h**3 + 3*h**2 + 2*h - 3. Suppose 2 = -5*j + 12. What is the units digit of u(j)?
5
Let n(c) = 21*c - 1. What is the units digit of n(1)?
0
Suppose 2*l + 2*w - 14 = -0*w, -4*w + 22 = l. Suppose m + l = -2. What is the units digit of (-333)/(-27) + m/(-6)?
3
Let t = 0 - 20. Let m be (-5)/t - (-86)/8. Suppose -n + m = q - 3*q, -3*n - q = 2. What is the units digit of n?
1
Suppose 7*v - 18 = 4*v. Suppose 3*x + 3 - v = 0. What is the tens digit of -2*x/(-2)*14?
1
What is the tens digit of 132/33 - ((1 - 1) + -101)?
0
What is the units digit of 9420/108 - (-4)/(-18)?
7
Suppose -3*g + 5*y + 842 = 4*y, 0 = 4*g - 5*y - 1108. What is the units digit of g?
2
Let g = 57 - 24. What is the tens digit of g?
3
Suppose -3*w + 4 = -5. Suppose -66 = -w*m - 2*r, 0 = -3*m - 3*r + 52 + 17. Suppose p + p - m = 0. What is